 - 32. Determine u(7).
-11
Let f(o) = o**3 + 5*o**2 + 7*o + 8. Determine f(-3).
5
Let c(q) = q**3 + 2*q**2 - 8*q + 3. What is c(-4)?
3
Let o(d) = -3*d - 132. Determine o(-33).
-33
Let w(m) = -3*m**2 + 8*m + 2. Give w(-5).
-113
Let u(q) = -q**2 + 7*q + 31. Give u(10).
1
Let y(a) = a**2 + 9*a - 42. What is y(-12)?
-6
Let d(j) = 10*j - 282. Calculate d(27).
-12
Let b(a) = -a**2 + 21*a - 42. Determine b(19).
-4
Let a(o) = -2*o - 6. What is a(10)?
-26
Let v(b) = b**3 - 5*b**2 - 2*b + 9. Calculate v(5).
-1
Let g(m) = -21*m**2. Calculate g(1).
-21
Let i(h) = -h - 16. Determine i(-15).
-1
Let i(d) = 2*d**3 - 13*d**2 + 6*d - 3. Calculate i(6).
-3
Let m(a) = 2*a**2 - 1. Calculate m(-2).
7
Let b(a) = a**2 + 9*a + 10. Give b(-6).
-8
Let w(p) = -3*p**2 + p + 37. Calculate w(-7).
-117
Let l(m) = 62*m. Give l(-1).
-62
Let o(x) = -x - 13. Give o(9).
-22
Let m(l) = 6*l + 7. Determine m(-8).
-41
Let h(f) = f**3 + 3*f**2 - 5*f + 1. Give h(-4).
5
Let z(y) = 2*y**3 - 2*y**2 - 5*y + 2. Calculate z(3).
23
Let o(q) = 7*q**3 + 2*q**2 + q. Give o(-1).
-6
Let q(u) = -2*u**2 + 39*u - 17. Determine q(19).
2
Let w(q) = 2*q**3 - 17*q**2 - 4*q - 26. Calculate w(9).
19
Let l(x) = -x**3 - 8*x**2 - 2*x - 5. Calculate l(-8).
11
Let n(t) = t**3 - t**2 - t - 49. What is n(0)?
-49
Let k(v) = -v + 1. Determine k(-4).
5
Let a(x) = -5*x**2 + 60*x - 18. What is a(12)?
-18
Let y(k) = -11*k + 46. Calculate y(4).
2
Let f(a) = a**3 - 8*a**2 + 10*a + 9. Give f(6).
-3
Let o(k) = -k**2 - 8*k - 9. What is o(-10)?
-29
Let r(y) = -3*y + 10. Give r(6).
-8
Let m(q) = q**3 + q**2 + 137. What is m(0)?
137
Let c(l) = -17*l**3 - 2*l + 2. Calculate c(1).
-17
Let u(z) = 4*z - 47. Give u(12).
1
Let p(g) = 2*g**3 + 6*g**2 - 11*g + 6. Determine p(-5).
-39
Let y(i) = i**2 - 12*i + 13. Determine y(9).
-14
Let n(g) = g**3 + 5*g**2 - 8*g + 7. Give n(-6).
19
Let z(q) = -q**3 - 26*q**2 + 54*q - 58. Calculate z(-28).
-2
Let a(r) = 4*r**2 + 7*r + 5. Calculate a(-1).
2
Let w(i) = -11*i - 309. Give w(-28).
-1
Let h(t) = t**2 - 9*t - 15. Calculate h(11).
7
Let w(f) = 14*f - 2. What is w(-2)?
-30
Let o(v) = -37*v**3 + v**2 - 5*v - 5. What is o(-1)?
38
Let t(d) = -d**2 - 7*d + 27. What is t(-10)?
-3
Let w(y) = -y**3 - 7*y**2 - 3*y - 5. Give w(-7).
16
Let p(b) = 2*b + 19. Give p(6).
31
Let f(m) = 2*m**3 - 2*m**2 - 8*m - 4. What is f(-2)?
-12
Let b(k) = k**2 + 2*k - 11. Calculate b(0).
-11
Let c(m) = -m + 27. Give c(16).
11
Let k(f) = f**3 - f**2 + 5*f + 16. Determine k(-4).
-84
Let b(t) = t**3 - 5*t**2 + 8. Calculate b(6).
44
Let w(p) = -p + 10. Determine w(0).
10
Let h(v) = -3*v. Calculate h(-3).
9
Let j(f) = f**2 - 23*f + 26. What is j(20)?
-34
Let c(n) = n**3 - 9*n**2 - 16*n + 11. What is c(10)?
-49
Let r(f) = f + 20. Give r(0).
20
Let o(u) = -5*u + 74. Determine o(9).
29
Let k(y) = -3*y**2 + 20*y - 4. Calculate k(6).
8
Let i(y) = y**3 - 49*y**2 + 2*y - 97. Calculate i(49).
1
Let h(w) = w**2 + 13*w + 6. Give h(-6).
-36
Let w(n) = -n**3 - 9*n**2 - 5*n + 25. Calculate w(-8).
1
Let o(h) = -2*h**3 - 23*h**2 - 11*h - 13. Determine o(-11).
-13
Let r(n) = -n**2 + 19*n + 8. Calculate r(17).
42
Let x(s) = s**3 - 5*s - 2. Calculate x(-4).
-46
Let r(y) = -3*y + 5. Calculate r(2).
-1
Let v(m) = m**2 + 8*m - 1. Determine v(-6).
-13
Let c(t) = 68*t + 27. Give c(-1).
-41
Let u(l) = -l**2 + 5*l + 30. Give u(-9).
-96
Let j(k) = k**3 + 17*k**2 + k + 6. Give j(-17).
-11
Let a(p) = -24*p**2 + 2*p - 1. Give a(1).
-23
Let o(f) = 8*f**2 - 2*f - 1. Determine o(-1).
9
Let t(m) = -m. Calculate t(0).
0
Let k(h) = 5*h**3 - 6*h + 8. Determine k(2).
36
Let a(c) = 16*c + 3. Give a(7).
115
Let h(g) = -2*g**3 - 22*g**2 + 19*g - 37. Calculate h(-12).
23
Let k(a) = a**3 + a**2 + 34. Give k(0).
34
Let v(d) = -2*d**2 - 30*d + 17. Give v(-15).
17
Let p(i) = -i**2 - 3*i + 9. Give p(4).
-19
Let y(q) = q**3 + 13*q**2 - 12*q + 24. Give y(-14).
-4
Let n(i) = 3*i**3 + i**2 - 4*i + 13. Give n(-4).
-147
Let u(y) = 4*y + 6. Calculate u(-9).
-30
Let f(o) = 5*o**2 + o - 3. What is f(-2)?
15
Let o(d) = -3*d**2 - 21*d + 110. Determine o(6).
-124
Let h(j) = -j**3 + 21*j**2 + 19*j + 76. What is h(22)?
10
Let g(s) = -13*s + 84. Calculate g(6).
6
Let g(j) = 4*j**3 - 60*j**2 + 3*j - 57. Determine g(15).
-12
Let x(w) = 4*w**3 - 20*w**2 + 16*w. Give x(4).
0
Let o(v) = 6*v - 4. Calculate o(3).
14
Let i(d) = 85*d + 263. What is i(-3)?
8
Let v(p) = 20*p**3 + p**2 + p + 1. Calculate v(-1).
-19
Let w(f) = f**3 + 4*f**2 + 4*f + 2. Calculate w(-2).
2
Let i(c) = c**2 - 2*c + 1. Calculate i(1).
0
Let a(t) = -t**3 - 11*t**2 + 23*t - 25. Determine a(-13).
14
Let g(n) = 5*n + 103. Give g(-24).
-17
Let i(u) = 3*u**3 - 18*u**2 + 2*u - 16. Calculate i(6).
-4
Let h(m) = m**2 - 20*m - 19. Determine h(21).
2
Let t(a) = -a**3 + a - 110. Calculate t(0).
-110
Let z(c) = -2*c**2 + 6. Determine z(5).
-44
Let q(n) = 7*n - 3. What is q(-4)?
-31
Let n(x) = 2*x**2 - 13*x + 6. Determine n(5).
-9
Let k(u) = -u + 3. Calculate k(0).
3
Let x(v) = -5*v**3 - v**2. Calculate x(-1).
4
Let d(z) = z**3 - 14*z**2 + 14*z - 4. Determine d(13).
9
Let v(y) = y**3 + 16*y**2 + 14*y - 12. Give v(-15).
3
Let m(k) = -2*k + 48. Give m(17).
14
Let l(w) = 2*w - 4. Determine l(-7).
-18
Let i(a) = -a + 15. Calculate i(12).
3
Let s(a) = -11*a - 49. What is s(-6)?
17
Let c(h) = -6*h**2 - 3*h + 3. Give c(2).
-27
Let k(m) = -m**3 - m**2 - 5. Give k(-3).
13
Let l(h) = -h**2 - 6*h - 5. Calculate l(-4).
3
Let n(g) = -g**2 - 3*g + 2. What is n(-2)?
4
Let g(r) = r**2 - r + 3. What is g(3)?
9
Let g(v) = v**2 + 3*v. What is g(-2)?
-2
Let l(b) = b**3 - 4*b**2 - 5. Determine l(4).
-5
Let j(r) = r**2 - 6*r - 1. Give j(7).
6
Let y(r) = r**2 + 16*r + 10. What is y(-15)?
-5
Let f(v) = -12*v**2 + 12*v + 18. Give f(-2).
-54
Let u(q) = q**3 + q**2 + 2*q. What is u(2)?
16
Let y(j) = 4*j**2 - 3. Determine y(-2).
13
Let f(g) = -g**2 - 12*g - 12. Calculate f(-8).
20
Let g(r) = r**2 - 18*r - 50. What is g(19)?
-31
Let s(a) = -a**3 - 8*a**2 + 8*a - 14. Determine s(-9).
-5
Let z(m) = -m**3 + 20*m**2 - 17*m - 29. Determine z(19).
9
Let d(t) = -4*t - 168. Determine d(-39).
-12
Let o(c) = 4*c - 88. What is o(17)?
-20
Let z(q) = 6*q**2 - 8*q + 4. Calculate z(2).
12
Let q(u) = 4*u**3 - u - 1. What is q(-1)?
-4
Let y(q) = -q**2 + 20*q - 36. Calculate y(18).
0
Let n(d) = -d**3 - 7*d**2 + 10*d + 88. Give n(-6).
-8
Let j(z) = 11*z**2 + 11*z + 5. Determine j(-1).
5
Let a(k) = -k**3 - 17*k**2 + 40*k - 3. Calculate a(-19).
-41
Let z(m) = -2*m - 20. What is z(-8)?
-4
Let v(s) = -13*s - 20. Calculate v(-8).
84
Let k(b) = -13*b - 2. What is k(-2)?
24
Let f(i) = -i**2 + 3*i + 4. Give f(3).
4
Let l(z) = 5*z**2 + 29*z. Determine l(-6).
6
Let s(i) = -i**2 - 6*i - 8. Determine s(-6).
-8
Let h(d) = -d**3 + 8*d**2 + d - 1. Give h(-1).
7
Let t(r) = 14*r + 31. Determine t(7).
129
Let g(h) = 10*h - 103. Determine g(8).
-23
Let t(k) = k**2 - 27*k + 135. Determine t(20).
-5
Let j(l) = -l**2 + 129*l - 611. Determine j(5).
9
Let v(j) = 2*j**2 + 5*j + 9. Give v(-5).
34
Let f(v) = 2*v**3 - 48*v**2 - 49*v - 21. Determine f(25).
4
Let d(o) = -o - 8. Calculate d(-14).
6
Let m(p) = -p**2 - 16*p + 28. What is m(-17)?
11
Let h(r) = -5*r**2 - 3*r - 1. What is h(-2)?
-15
Let l(p) = -p**3 + 8*p**2 + 13*p - 9. Determine l(9).
27
Let l(t) = 2*t + 14. Calculate l(-7).
0
Let t(m) = -2*m**3 + 6*m**2 + 2*m - 5. Determine t(3).
1
Let j(q) = -q**3 + 44*q**2 - 82*q - 73. Calculate j(42).
11
Let x(g) = 10*g - 17. What is x(2)?
3
Let h(r) = r**3 - 7*r**2 - 9*r - 1. Determine h(8).
-9
Let u(g) = -g**2 - 20*g - 73. What is u(-14)?
11
Let v(h) = -h**2 - 9*h + 9. What is v(-8)?
17
Let l(g) = -2*g**3 + g + 1. Determine l(0).
1
Let n(g) = -g**2 - 10*g - 9. Determine n(-6).
15
Let i(l) = -8*l - 27. Determine i(-10).
53
Let a(n) = 3*n + 24. Determine a(-11).
-9
Let v(b) = -b**2 - 4. Give v(2).
-8
Let n(y) = 7*y + 9. Determine n(-4).
-19
Let u(w) = -w**3 - 14*w**2 + 35*w + 23. Determine u(-16).
-25
Let l(u) = u**3 - 4*u**2 - 7. Calculate l(0).
-7
Let o(u) = 4*u - 5. Give o(6).
19
Let v(l) = l**3 - 2*l**2 - 2*l - 1. What is v(3)?
2
Let h(t) = t**3 + 8*t**2 + 7*t + 8. Determine h(-7).
8
Let u(y) = -2*y + 3. Calculate u(2).
-1
Let q(d) = 10*d - 4. What is q(-6)?
-64
Let w(m) = -m**2 + 16*m + 15. What is w(12)?
63
Let u(l) = -l**3 - 3*l**2 + 16*l + 45. Calculate u(-4).
-3
Let x(q) = -q**3 - 6*q**2 + 8*q + 3. W